factor of k and 3.
1
Let q(m) = m**2 + 6. Let c be q(0). Let x be 74/c - (-2)/3. Let p be 1 - 644/(-17) - (-48)/408. What is the greatest common factor of x and p?
13
Let c be ((-68)/(-10) - 2)/(9/90). Calculate the highest common factor of 6 and c.
6
Suppose 4*c + 3*d + d = 56, 0 = -3*d. Suppose -2*p + 4*x = -x - 26, 2*p = -x + c. Calculate the greatest common divisor of 1 and p.
1
Let i(m) = -2*m - 4. Let s be i(-13). What is the highest common divisor of s and 33?
11
Suppose -3*q - 140 = -7*q. Calculate the greatest common divisor of 7 and q.
7
Let r = -3 - -11. Let u = 58 - r. Let q be (-45)/(-12)*(1 + (-5)/(-3)). Calculate the greatest common factor of q and u.
10
Suppose -3*w = -4*w - 12. Let o = w + 26. Suppose 0 = 5*a - 15, -6 - 61 = -5*y + a. Calculate the highest common divisor of o and y.
14
Let i(m) = m**2 + m + 2. Let u be i(-3). Let f be (2 - 4)*(-6)/4. Suppose f*d + 3*g - 242 = 7, 2*d - g = 181. Calculate the highest common divisor of u and d.
8
Let u be 1/5 + 198/10. Let k(w) = w**2 + 2*w + 2. Let j be k(-4). Calculate the highest common factor of j and u.
10
Suppose -32 = -7*a + 31. Calculate the highest common factor of 45 and a.
9
Let h = 21 - 1. What is the highest common factor of 40 and h?
20
Suppose 5*h - 17 = 58. Let u be -5*((-42)/h - 2). Let y = 21 + -9. What is the greatest common factor of u and y?
12
Let v(d) = -5*d**3 + d**2 + 1. Let k be v(-2). Let o = 79 + -61. What is the greatest common factor of o and k?
9
Suppose 5*t - 260 = -0*t. Let r be (-16 - (-3)/1)/(-1). What is the highest common divisor of r and t?
13
Let d be (-1)/(-3) + (-51)/(-9). Let v = -3 + d. Suppose v*p = 4*p - 15. What is the greatest common factor of 3 and p?
3
Let s(g) = g**3 - g**2 - 2*g - 2. Let q be s(3). What is the greatest common factor of 10 and q?
10
Suppose -9*c = -7*c + 72. Let i be (-224)/c - (-4)/(-18). What is the greatest common factor of i and 2?
2
Suppose -5*c + 14 = 3*o, -c - 20 = 3*c. Let h = 28 - -76. What is the greatest common factor of o and h?
13
Let z(n) = -n**3 + 9*n**2 + n - 8. Let w = -2 - -7. Suppose -6 = -w*k + 39. Let p be z(k). What is the highest common divisor of 1 and p?
1
Suppose 26 = 12*d - 58. Suppose -g - 1 = -62. Let q be g/9 + 6/27. What is the greatest common factor of d and q?
7
Suppose -16 = -3*z + 5*x, -3*x + 12 = -0*x. What is the highest common factor of 36 and z?
12
Let s(v) = -v**3 + 4*v**2 - 5*v + 12. Let n be s(3). What is the highest common factor of n and 18?
6
Suppose r = -4*m + 141, -5*m + 14 = 4*r - 176. What is the highest common factor of m and 85?
17
Suppose 0 = 8*c - 3*c - 5. Let t be -3*((-56)/6)/c. Calculate the greatest common divisor of t and 70.
14
Suppose 2*u - j = 7*u - 1120, 0 = 2*u + j - 445. Suppose 5*o = 40 + 85. Calculate the greatest common divisor of o and u.
25
Suppose -17 = 4*r - 57. Let j = -100 + 154. Let x be j - 5 - 1*-1. What is the greatest common divisor of r and x?
10
Let b be (-330)/40 + (-1)/(-4). Let k = b + 62. What is the greatest common factor of k and 6?
6
Let s = -27 + 49. What is the highest common factor of s and 2?
2
Let u be (-12)/15*5/(-2). Suppose -u*x - 44 = 2*x. Let g be (-1 + x)/(9/(-12)). Calculate the highest common factor of g and 16.
16
Let p(f) = f**2 + 5*f - 4. Let t be p(-6). Suppose c = -t + 7. Suppose -k + 78 = 77. What is the greatest common factor of c and k?
1
Let f be 224/14*3/4. What is the greatest common factor of f and 18?
6
Suppose 141 = 11*i - 24. Calculate the highest common divisor of 5 and i.
5
Let x(f) = f**3 - 4*f**2 + 3*f - 1. Let a be x(2). Let k be (-1 - a - 1)*85. Calculate the greatest common factor of 17 and k.
17
Let o = 78 - 56. Calculate the greatest common divisor of 154 and o.
22
Let m(k) = -3*k + 28. Let y be m(-6). What is the highest common divisor of 276 and y?
46
Suppose 141 = -m + 4*m + 5*v, 4*m - v = 165. Calculate the greatest common factor of 14 and m.
14
Let h be -8 - (-3 - -4)/1. Let p(v) = -3*v - 8. Let i be p(h). Let g = -4 - -23. Calculate the highest common factor of g and i.
19
Let u(t) = -t**3 + 10*t**2 - 17*t. Let d be u(7). Calculate the highest common factor of 84 and d.
28
Let i = 39 - 37. Calculate the greatest common factor of i and 7.
1
Let d be 10/2*(-24)/(-30). What is the highest common divisor of 4 and d?
4
Suppose -5*c = -0*c - 60. Calculate the greatest common divisor of c and 3.
3
Let b(m) = -7*m + 7. Let x be b(-7). What is the highest common divisor of x and 84?
28
Let s = -153 - -268. Suppose 4*w + w = s. Calculate the highest common divisor of w and 69.
23
Suppose -5 = -2*x - 2*o + 1, 0 = -4*x - 2*o + 2. Let b be 26/4*(4 + x). What is the greatest common factor of 26 and b?
13
Let u(l) = -2*l + 5*l + 0*l**2 + l**2 - 8 + 1. Let q be u(-6). Calculate the highest common divisor of 88 and q.
11
Suppose -7*o - 128 = -3*o. Let z be 8/(-36) + (-1236)/27. Let x = o - z. What is the highest common divisor of x and 154?
14
Let a be (6/(-4) - 3)*-2. What is the highest common divisor of 27 and a?
9
Let r(a) = a - 4. Let m be r(10). Suppose c - m = -c. Suppose -5*p - f = -15, -21 = 2*p - 2*f - c*f. What is the greatest common divisor of p and 5?
1
Let x = 6 + -2. Let y(f) = 10*f - 4. Let r be y(x). What is the greatest common factor of 90 and r?
18
Suppose -13 = -2*x - 5*o + 49, -3*o + 117 = 5*x. Let c = x - 14. What is the highest common factor of c and 56?
7
Let b(h) = 4 - 2*h + h - 8 + 1. Let w be b(-6). What is the greatest common factor of 15 and w?
3
Let f be 100*((-2)/5)/((-13)/26). Calculate the greatest common factor of f and 20.
20
Suppose -4*n - 2*f + 8 = 0, 0*f = -4*n + 4*f - 4. Suppose -n = -b + 3. What is the highest common factor of 1 and b?
1
Let j = 163 + -124. Calculate the highest common divisor of 117 and j.
39
Let x be (0 - 0 - -12) + 0. Let q = x + 2. Calculate the greatest common divisor of 14 and q.
14
Let h(q) = q**3 - 7*q**2 + 7*q - 3. Suppose z - 5*j = 6, j = -z + 3*j + 6. Let f be h(z). What is the greatest common divisor of 9 and f?
3
Let u be 7*(-1)/(14/(-660)). What is the greatest common factor of u and 30?
30
Suppose -5*m = -2*m. Suppose 0 = -p + 1 - m. What is the greatest common factor of p and 1?
1
Let d(g) = -g + 5. Let k be d(6). Let a be k/(-4) - 6/(-8). Suppose -l = a - 2. What is the greatest common divisor of 5 and l?
1
Suppose m - 15 - 5 = 0. Suppose -3*o + 4*s = -14 - 32, 0 = 5*o - 4*s - 66. What is the greatest common divisor of m and o?
10
Let t(w) = w**3 + 7*w**2 + 7*w + 5. Let n be t(-5). Calculate the highest common factor of 220 and n.
20
Let v be 2*2/8*6. Suppose -2*j - 1 = -v. What is the greatest common factor of 1 and j?
1
Suppose 6*y = i + y - 87, y + 387 = 5*i. Calculate the greatest common factor of 11 and i.
11
Let s = 10 - -115. Let m = s - 55. Let x be 14 - (-1 - (1 + -2)). What is the highest common factor of m and x?
14
Suppose -3*z + 78 = -2*n - 147, 3*n = 3*z - 222. What is the highest common divisor of z and 11?
11
Let i be (-33)/(-12) - 3/4. Suppose 9 = -l - 0*l - 4*g, 0 = -2*l - i*g + 12. Let x be 22*-3*(-11)/6. Calculate the highest common factor of x and l.
11
Suppose -741 = -4*f + 787. Suppose -2*u + w = -0*w + f, 198 = -u - 3*w. Let a be (u/(-10))/3*25. Calculate the highest common divisor of 20 and a.
20
Let g = -3 + -1. Let o be (1 - g)/(2/30). Suppose 0 = -0*n - 4*n + 60. Calculate the greatest common factor of o and n.
15
Let n(q) = -q**3 + 4*q**2 + 2*q + 4. Let a be n(4). What is the greatest common divisor of 132 and a?
12
Let w = 29 - 15. What is the highest common factor of w and 2?
2
Let t = 6 + -1. Suppose 0 = 4*d + 20, 0*r = -t*r - d + 320. Let w be (-334)/(-26) - (-8)/52. Calculate the greatest common factor of r and w.
13
Suppose -3*z + 4*r + 26 = 0, 3*r - 11 - 57 = -4*z. What is the greatest common factor of 126 and z?
14
Let k be 5*(0 + -2)/((-12)/30). What is the highest common divisor of 30 and k?
5
Let u = -22 - -28. Let b(d) = 6*d - 6 + 0 + 0*d. Let m be b(u). What is the highest common divisor of 20 and m?
10
Let z = -38 - -59. Suppose -3*q - 6 = -z. What is the greatest common divisor of 5 and q?
5
Let n(s) = s**2 - 5*s - 4. Let x be n(6). Let d = x + 4. Suppose b - w + 8 = 56, -3*w + 240 = 5*b. Calculate the highest common factor of d and b.
6
Let t(p) = p**2 + 8*p + 9. Let j(q) = q**2 + 